(-22). Let h = 60 + k. Calculate the highest common factor of h and 24.
12
Suppose 20 = 4*v, -z + 55 = 3*v + 8. Suppose 0 = 5*f + 4 - 14, -5*t = f - 32. Suppose -2*u = t*u - 640. What is the highest common divisor of z and u?
16
Let z(i) = -i**2 - 9*i + 15. Let f be (-63)/(-42)*(-18)/3. Let x be z(f). Calculate the greatest common divisor of x and 55.
5
Let g be ((-8)/((-8)/(-205)))/(1/(-1)). Suppose -g*o + 213*o = 624. Calculate the highest common divisor of o and 6.
6
Suppose -30 = -40*x + 39*x. Let q be (6/x + -1)*-195. Calculate the highest common divisor of q and 208.
52
Suppose -3*p + 2*m + 184634 = 0, -14*p - 4*m = -18*p + 246188. Calculate the greatest common divisor of 17 and p.
17
Suppose 4*j = h - 310, -136 - 178 = -h + 5*j. Let n(u) = -25*u**3 - 6*u**2 - 11*u - 9. Let r be n(-1). Calculate the greatest common divisor of r and h.
21
Let r = 1921 + -892. Let a = r + -672. What is the greatest common divisor of a and 102?
51
Let m(y) = -2*y - 26. Let t be m(-9). Let n = 0 - -2. Let b = n - t. What is the greatest common divisor of 30 and b?
10
Suppose 1789*u - 1769*u = 28440. What is the greatest common divisor of u and 450?
18
Let i(m) = -22*m**3 + 2*m**2 - m + 5. Let g be i(2). Let q = -123 - g. Calculate the highest common divisor of q and 154.
14
Suppose 399 = 3*d - 5*b, 4*d = 2*b + 389 + 143. Calculate the highest common divisor of d and 217.
7
Suppose -3*z + 39 = 3*l, 17*l + 54 = -5*z + 11. Let r = 252 + -122. Suppose j - r = 24. What is the highest common divisor of j and z?
22
Suppose -3*b + 11 = -1. Let s = -22669 + 22677. What is the highest common factor of s and b?
4
Suppose 12418 = 134*z - 131*z + 2*f, -f + 12410 = 3*z. What is the greatest common divisor of z and 24?
6
Let v be (-4108032)/(-1188) - (-32)/528. Calculate the greatest common divisor of 208 and v.
26
Let c(b) = b**2 - b - 14. Let r be c(5). Suppose 66 = -r*g + 12. Let q be 111 + (33/g - (-4)/6). What is the greatest common divisor of q and 72?
36
Let u(y) = 778*y + 1075. Let x be u(-1). Calculate the highest common factor of 187 and x.
11
Let s be (-1)/(-4) - 1 - 57076/(-304). Calculate the greatest common divisor of s and 176.
11
Let b(v) = -23*v - 13. Let g be b(-3). What is the highest common divisor of 1036 and g?
28
Let j be 13 - -1 - (-648)/27. Let l(s) = -5*s**3 - s**2 - 3*s - 2. Let q be l(-1). Suppose q*y - 463 = 1057. Calculate the highest common factor of y and j.
38
Let i be 19/(-2)*(0 + -8). Let u = 15124 - 15108. What is the highest common factor of i and u?
4
Let k(l) = -3 + 4*l + 3*l + 2*l**2 + 6 - 5. Let q be k(-4). Calculate the greatest common factor of 22 and q.
2
Let z be -3 + 11039/175 + -1 + (-46)/(-50). Calculate the highest common divisor of 2320 and z.
20
Let z = -27668 - -27676. Let l be (3/4)/((-2)/(-8)). Calculate the greatest common factor of l and z.
1
Suppose 2*k + 0*o + 5*o + 37 = 0, k - 40 = 4*o. Suppose -2*s + 116 = -s. Calculate the highest common factor of s and k.
4
Let o(n) = 5*n + 29. Let q be o(-5). Suppose -77 = -2*a - 4*l - 15, 2*l + 84 = q*a. What is the greatest common divisor of a and 621?
23
Let m be 5 - 1730/50*-5. Calculate the greatest common divisor of 2937 and m.
89
Let y be 10/(-4)*(-28)/10. Suppose -3*z = -2*l - 6*z + 182, 5*z + 273 = 3*l. What is the highest common factor of y and l?
7
Let b be 1 + 0 - (-2 + 1). Let a = -1130 + 1184. Let f be a/b + 7 + -8. Calculate the greatest common factor of 65 and f.
13
Suppose 46 = 7*s + 9*s - 114. What is the highest common divisor of s and 26?
2
Suppose 7*d = 131 + 7086. Let o = d - 719. What is the greatest common factor of 52 and o?
52
Let d(r) = -18*r - 22. Let w(q) = -q + 6. Let o be w(10). Let h be d(o). Let n be (-1)/((-2)/(-3 + 43)). Calculate the greatest common divisor of n and h.
10
Let o = 1582 - 680. Let j = o - 472. Calculate the highest common factor of 10 and j.
10
Let l(n) = -8*n**2 - 35*n - 17. Let i be l(-14). Let r be i/(-12) - 15/60. Calculate the greatest common divisor of 7 and r.
7
Suppose -3*t = -9, 58*h - 60*h - 4*t + 308 = 0. Calculate the greatest common divisor of 5994 and h.
74
Let z = -4880 + 4918. Calculate the highest common divisor of 3743 and z.
19
Suppose 80*t - 777*t + 159984 = 212*t. What is the highest common divisor of t and 568?
8
Let m be 16/(176/33)*(-1)/(-3). Calculate the highest common divisor of m and 101.
1
Suppose 5*b = 5, 0 = -2*k - 2*b - 32 + 130. Let q be (-4)/(40/(-586)) - (-9)/(-15). Let g = 64 - q. What is the highest common divisor of g and k?
6
Let b = -57 + 220. Calculate the highest common divisor of 2 and b.
1
Let p = -204 - -91. Let r = -10 - p. Suppose 0 = -2*i - u + r, -i + u + 43 + 1 = 0. What is the highest common factor of i and 7?
7
Suppose 0 = -0*m + 7*m + 140. Let w = m + 26. Suppose 2*v - 23 = v + r, 4*r + 110 = 5*v. What is the highest common factor of w and v?
6
Let k(n) = -86*n**3 - 5*n**2 - 4*n + 20. Let f be k(-4). What is the greatest common factor of f and 13?
13
Let n = 2967 - -1349. Calculate the highest common divisor of n and 13.
13
Suppose 4*u + 14*m - 653 = 15*m, -2*u - 4*m = -304. Suppose -n = 116 - u. What is the greatest common divisor of n and 253?
23
Let v = -7596 + 7600. Calculate the highest common factor of v and 1468.
4
Suppose 76233 = 5*g - 4*f, -21335 + 6080 = -g + 5*f. What is the greatest common divisor of 5 and g?
5
Suppose -q = -2*g + 3*g - 3, -2*g + q = 6. Let z be 28/7 - (-46 + g). Suppose z*u - 56*u = -5. Calculate the highest common divisor of 11 and u.
1
Suppose -r = -5, 6*r - r - 63 = 2*j. Let g be (2 + -2 + -1)*j. Calculate the highest common divisor of 76 and g.
19
Suppose 4*a = -2*i - 2*i + 268, 2*a - 4*i = 158. Let h(g) = -g**3 - 10*g**2 + 250*g + 9. Let k be h(-23). Calculate the greatest common factor of a and k.
71
Let z(i) = 196*i**2 + 56*i + 820. Let c be z(-12). What is the highest common factor of 82 and c?
82
Suppose 600 = 8*x + 2*x. Suppose 3*p = 15*p - x. What is the greatest common factor of 95 and p?
5
Let s be (-1629)/(-36) + (1 - (-10)/(-8)). Let o be -4*s/(-2) + (3 - 1). Calculate the highest common divisor of 322 and o.
46
Let z(n) = n**3 + 18*n**2 + 14*n - 33. Suppose -3*h - 8 = 43. Let q be z(h). Calculate the greatest common factor of 153 and q.
9
Suppose l - 335 = -l - 3*m, 5*l = -2*m + 865. Let t = -129 + l. Calculate the highest common divisor of 69 and t.
23
Let i(v) = -17*v - 49. Let s be i(-11). Suppose 0 = 250*d - 249*d - s. What is the highest common factor of 23 and d?
23
Let m = 7295 - 3759. Calculate the greatest common factor of m and 312.
104
Let u(f) = 2*f - 4. Let x be u(14). Let v be 11/66 - 29/(-6). Suppose 0 = v*r + 55 - 255. Calculate the greatest common factor of x and r.
8
Let d(k) be the second derivative of 152*k**3/3 - 4*k**2 - 2*k - 16. Let x be d(1). Calculate the greatest common divisor of 111 and x.
37
Let m be (-14 + (-414)/45)/(8/(-100)). What is the highest common factor of 8555 and m?
145
Let g be 65/45 + (-24)/18 + 54898/18. What is the greatest common divisor of 20 and g?
10
Let b(p) = 1114*p**2 + 5*p - 20. Let k be b(2). What is the highest common factor of k and 1170?
234
Suppose -v - 256 = -5*l, 2*l = -5*v + 355 - 285. Suppose 2*b - 910 - 90 = 0. Calculate the greatest common factor of b and l.
50
Let s(w) = -w**2 - 9*w - 9. Let l = 10 + -16. Let t be s(l). Let g be (-11 - -1) + (-485)/(-97)*436/20. What is the highest common divisor of g and t?
9
Let f = -16 + 36. Let o = 769 + -1580. Let l = 815 + o. Calculate the highest common divisor of f and l.
4
Let h be (24/30)/(26/65). Suppose 30*w + 10 = 35*w. Calculate the greatest common divisor of h and w.
2
Suppose 264 = 10*x - 4*x. Suppose -4*b = -x - 0. Let y(h) = 5*h - 50. Let i be y(b). What is the highest common divisor of i and 15?
5
Let v be (-2499)/(-476)*((-10 - -11) + (-11338)/(-6)). What is the highest common factor of 28 and v?
14
Let a = 5329 + -3960. What is the highest common divisor of a and 74?
37
Suppose 16*n + 4438 + 2522 = 36*n. What is the greatest common divisor of 36 and n?
12
Suppose 4*x - 5*z = 645, 52 = -4*x - 3*z + 721. What is the highest common factor of 1584 and x?
33
Suppose 0 = -4*l - 5*w + 694, 3*l = -5*w + 2 + 521. Let c = 9152 - 9133. Calculate the highest common factor of c and l.
19
Let v be (-4820)/(-40) - 2/(-4).